76803.
3, 419, 503, 1231
List the prime factors of 244137030.
2, 3, 5, 83, 98047
List the prime factors of 16612867.
16612867
What are the prime factors of 146182436?
2, 36545609
What are the prime factors of 3469894328?
2, 887, 488993
List the prime factors of 33722848.
2, 347, 3037
What are the prime factors of 1621605016?
2, 202700627
List the prime factors of 1375269951.
3, 11, 19, 2193413
List the prime factors of 8554116073.
197, 43421909
List the prime factors of 214977886.
2, 17, 6322879
List the prime factors of 2891226325.
5, 13, 1451, 6131
List the prime factors of 759631108.
2, 41, 47, 139, 709
List the prime factors of 88920624.
2, 3, 13, 142501
What are the prime factors of 563023?
17, 33119
What are the prime factors of 774781290?
2, 3, 5, 17, 506393
What are the prime factors of 204897435?
3, 5, 677, 20177
List the prime factors of 2712937509.
3, 100479167
List the prime factors of 4418963526.
2, 3, 131, 307, 18313
What are the prime factors of 144670471?
11, 13151861
What are the prime factors of 936588149?
7, 133798307
List the prime factors of 980314172.
2, 43, 109, 52289
What are the prime factors of 652322638?
2, 11, 29651029
What are the prime factors of 175529307?
3, 23, 59, 43117
What are the prime factors of 1936858?
2, 7, 11, 12577
What are the prime factors of 471314892?
2, 3, 59, 547, 1217
List the prime factors of 88105960.
2, 5, 61, 36109
What are the prime factors of 139619784?
2, 3, 31, 187661
List the prime factors of 60450671.
60450671
List the prime factors of 3116664.
2, 3, 47, 307
List the prime factors of 572728290.
2, 3, 5, 23, 830041
What are the prime factors of 23638460?
2, 5, 1181923
List the prime factors of 4351265458.
2, 59, 257, 143483
What are the prime factors of 7416642554?
2, 31, 59, 2027513
List the prime factors of 539575148.
2, 7, 19, 53381
What are the prime factors of 10931978?
2, 439, 12451
List the prime factors of 4738188070.
2, 5, 7, 11, 6153491
What are the prime factors of 1190412113?
11, 89, 179, 6793
List the prime factors of 15823758.
2, 3, 293, 9001
What are the prime factors of 354358176?
2, 3, 37, 67, 1489
List the prime factors of 195468054.
2, 3, 181, 179989
List the prime factors of 9673941.
3, 3224647
List the prime factors of 1931594995.
5, 11, 17, 109, 1723
What are the prime factors of 657932173?
103, 131, 48761
What are the prime factors of 4031526161?
13, 31, 10003787
What are the prime factors of 3763770639?
3, 1093, 1147841
List the prime factors of 192575720.
2, 5, 31, 155303
What are the prime factors of 481873086?
2, 3, 109, 449, 547
What are the prime factors of 1074529325?
5, 19, 439, 5153
List the prime factors of 113150064.
2, 3, 23, 113, 907
List the prime factors of 47261388.
2, 3, 3938449
What are the prime factors of 761088914?
2, 380544457
What are the prime factors of 1669096644?
2, 3, 283, 491489
List the prime factors of 21699477.
3, 43, 47, 1193
What are the prime factors of 23791911?
3, 11, 13, 31, 1789
What are the prime factors of 230613259?
83, 1493, 1861
List the prime factors of 3576937635.
3, 5, 31, 229, 11197
What are the prime factors of 2516573978?
2, 19, 66225631
List the prime factors of 237746320.
2, 5, 7, 424547
List the prime factors of 3001042236.
2, 3, 1153, 216901
List the prime factors of 84001650.
2, 3, 5, 103, 5437
What are the prime factors of 114900931?
397, 289423
What are the prime factors of 1375018061?
53, 25943737
List the prime factors of 24483788.
2, 7, 37, 23633
List the prime factors of 859819739.
47, 18294037
What are the prime factors of 550858813?
229, 2405497
List the prime factors of 2367649262.
2, 11, 17, 29, 12841
What are the prime factors of 167475572?
2, 11, 89, 42767
List the prime factors of 54917096.
2, 13, 113, 4673
What are the prime factors of 7354493?
7354493
What are the prime factors of 96587052?
2, 3, 29, 277549
List the prime factors of 2528930846.
2, 13, 17, 5721563
List the prime factors of 35370692.
2, 7, 1263239
What are the prime factors of 44373889?
7, 137, 46271
List the prime factors of 4908719608.
2, 13, 47199227
List the prime factors of 524203517.
17, 1813853
List the prime factors of 60462331.
23, 41, 97, 661
List the prime factors of 1896061605.
3, 5, 41, 229, 13463
What are the prime factors of 29616662?
2, 14808331
List the prime factors of 24528066.
2, 3, 4088011
List the prime factors of 369869694.
2, 3, 19, 577, 5623
List the prime factors of 190912723.
190912723
What are the prime factors of 160301903?
233, 251, 2741
What are the prime factors of 64596228?
2, 3, 37, 145487
What are the prime factors of 19448569?
7, 37, 61, 1231
What are the prime factors of 1059200924?
2, 37, 251, 28513
List the prime factors of 1729940699.
23, 463, 162451
What are the prime factors of 7499952?
2, 3, 643
List the prime factors of 276160190.
2, 5, 43, 642233
List the prime factors of 95271831.
3, 10585759
What are the prime factors of 60192452?
2, 31, 485423
What are the prime factors of 12114472?
2, 17, 281, 317
List the prime factors of 1782230381.
19, 2423, 38713
List the prime factors of 611295279.
3, 7, 1447, 20117
List the prime factors of 6697997.
149, 44953
What are the prime factors of 3810306439?
313, 12173503
What are the prime factors of 194524945?
5, 19, 563, 3637
List the prime factors of 386113554.
2, 3, 17, 19, 47, 157
List the prime factors of 8332393.
19, 59, 7433
List the prime factors of 3797414025.
3, 5, 50632187
List the prime factors of 33448891.
7, 4778413
What are the prime factors of 2871586?
2, 1435793
List the prime factors of 48968776.
2, 19, 113, 2851
What are the prime factors of 1669006589?
16229, 102841
What are the prime factors of 2539677675?
3, 5, 661, 51229
List the prime factors of 947686158.
2, 3, 23, 199, 11503
List the prime factors of 350585363.
7517, 46639
List the prime factors of 130793655.
3, 5, 8719577
List the prime factors of 10608989.
79, 134291
What are the prime factors of 62003021?
401, 154621
List the prime factors of 146108359.
61, 277, 8647
What are the prime factors of 53540186?
2, 7, 307, 12457
What are the prime factors of 371216757?
3, 23, 233911
What are the prime factors of 157003664?
2, 43, 228203
List the prime factors of 219744447.
3, 13, 433421
List the prime factors of 53616990.
2, 3, 5, 7, 131, 1949
List the prime factors of 301214154.
2, 3, 50202359
List the prime factors of 4348583871.
3, 5821, 249017
List the prime factors of 101261092.
2, 25315273
List the prime factors of 416126144.
2, 7, 19, 31, 83
What are the prime factors of 153051631?
19, 8055349
What are the prime factors of 1228367401?
1228367401
List the prime factors of 19662803.
103, 190901
List the prime factors of 1129283014.
2, 564641507
What are the prime factors of 332544818?
2, 8543, 19463
What are the prime factors of 72507658?
2, 36253829
What are the prime factors of 25548935?
5, 61, 211, 397
What are the prime factors of 62977168?
2, 613, 6421
What are the prime factors of 134049081?
3, 163, 467, 587
List the prime factors of 243081090.
2, 3, 5, 7, 385843
List the prime factors of 64222327.
13, 29, 170351
What are the prime factors of 1114772260?
2, 5, 7, 37, 307, 701
List the prime factors of 487906786.
2, 243953393
What are the prime factors of 1150722921?
3, 383574307
List the prime factors of 1039160641.
31, 1279, 26209
List the prime factors of 249397788.
2, 3, 1709, 12161
List the prime factors of 105900398.
2, 59, 897461
What are the prime factors of 441507868?
2, 110376967
What are the prime factors of 248063264?
2, 7751977
What are the prime factors of 271537991?
17, 29, 43, 12809
List the prime factors of 2548698903.
3, 271, 509, 2053
What are the prime factors of 314859838?
2, 157429919
List the prime factors of 787225840.
2, 5, 1879, 5237
List the prime factors of 68601024.
2, 3, 119099
List the prime factors of 47275469.
197, 239977
What are the prime factors of 347848451?
347848451
What are the prime factors of 523739236?
2, 47, 2785847
What are the prime factors of 153357616?
2, 47, 4339
What are the prime factors of 1058836817?
15101, 70117
What are the prime factors of 60664456?
2, 149, 50893
What are the prime factors of 399167814?
2, 3, 66527969
What are the prime factors of 24864162?
2, 3, 569, 7283
What are the prime factors of 17